ime factors of ((-2982)/(-852))/((-14)/(-27728))?
2, 1733
Let v = 6471 + 64. List the prime factors of v.
5, 1307
Let u = 179 - 306. Let m = u + 127. Suppose 17*t - 20*t + 69 = m. List the prime factors of t.
23
Suppose -51 = -2*f - m, -22 = -2*f - 3*m + 19. Suppose -f*u + 13469 = -21755. What are the prime factors of u?
2, 17, 37
Let y = -50 - -55. Let x be (-1)/(5/2) + (-8)/y. What are the prime factors of (4 - -111) + (x + 5)*1?
2, 59
Let s(t) = -2*t**3 - 3*t**2 + t + 3. Let x be s(-2). Suppose 0 = 4*b + 5*z - 370, -1 = 3*z + x. Let w = b - 39. What are the prime factors of w?
2, 7
Suppose -2244 = 3*i - 348. Let x = i + -78. What are the prime factors of (64/80)/(-1 - 714/x)?
2, 71
Suppose -4*g - 9 = -5. What are the prime factors of (538 - -5)/(21/12 + g)?
2, 181
Let m(a) = 4735*a + 184. List the prime factors of m(1).
4919
Let m(x) = x**2 + 4*x + 16. Let h = -23 + 50. Suppose 0 = -2*j + 3*w + 8, 3*j + 3*w - h = -0*w. What are the prime factors of m(j)?
3, 31
Let h(t) = t**3 + 7*t**2 + 8*t + 16. Let p be h(-6). Suppose -3*y + 4*a = -13, -p*a + 64 = -2*y + 6*y. What are the prime factors of y?
11
List the prime factors of 59440/(-60)*(35/(-28) - (-2)/4).
743
Suppose -6 = 3*n, 3095 = 3*z - 4*n - 15612. List the prime factors of z.
23, 271
Let r(b) = -3*b**3 - b**2 + 19*b - 159. Let w(n) = n**3 - 6*n + 53. Let i(h) = 2*r(h) + 7*w(h). List the prime factors of i(12).
5, 17
Suppose -87*l - 33*l = -388800. List the prime factors of l.
2, 3, 5
Suppose 332944 - 101656 = 27*h - 4*h. What are the prime factors of h?
2, 3, 419
Let j(g) = 10*g - 42. Let k(q) = -q**2 + 18*q + 3. Let o be k(18). Suppose r + h - 4 = 0, o*h + 26 = 5*r + 2*h. List the prime factors of j(r).
2
What are the prime factors of 2/((-10)/(-475)) - (-1)/(-1)?
2, 47
Suppose -10*r = -6*r - 40. Suppose -8*l - 5*p - 289 = -r*l, -l - 4*p + 125 = 0. List the prime factors of l.
137
Let x be 6 + -1 - ((-1 - -3) + -1763). Let y = 3041 - x. List the prime factors of y.
3, 5, 17
Let q be 1321/5 - 8/(-10). Suppose 4*r - 1120 = -4*t, -r + 7*t - 5*t = -q. What are the prime factors of r?
5, 11
Let l = 52460 + -30628. What are the prime factors of l?
2, 2729
Suppose -16 = -5*j + 9. Suppose -3*u = 8 - 2, j*t - 3*u = 596. List the prime factors of t.
2, 59
Let q(c) = c**3 - 9*c**2 + 5*c + 26. Suppose 9*x - 14*x = -40. Let i be q(x). List the prime factors of (-8 - -86) + -2 + (i - -1).
79
Let n(x) = -17*x - 16. Let k be n(-10). Let y = k + 226. Suppose 76 = 4*h - y. List the prime factors of h.
2, 3, 19
Let d(o) = 8*o**3 - 39*o**2 - 29*o - 40. Let x(w) = w**3 + w**2. Let k(v) = -d(v) + 6*x(v). What are the prime factors of k(23)?
2, 89
Let a be 19/6 - 11/66. Suppose -q - 3*q = -a*w + 318, -4*w - q + 405 = 0. Let i = w + -33. What are the prime factors of i?
3, 23
Suppose -17*r = -21*r + 5*d + 43447, -5*d - 21741 = -2*r. List the prime factors of r.
10853
Suppose -4*z + 3*t - 48 = 53, 2*t + 126 = -4*z. Suppose -3*g = -g - 100. Let o = z + g. List the prime factors of o.
3, 7
What are the prime factors of (-820568)/(-49) + (-38)/133?
2, 3, 2791
Let v(l) = 284*l**2 + 15*l - 38. Let j(m) = -285*m**2 - 14*m + 35. Let c(o) = -5*j(o) - 4*v(o). List the prime factors of c(2).
1153
Suppose -8778 = 116*m - 119*m. Suppose m = 72*r - 61*r. List the prime factors of r.
2, 7, 19
Suppose 19091 = 5*r - 2*x, 15253 = 3448*r - 3444*r + 5*x. List the prime factors of r.
11, 347
Let f(j) = j**3 + 59*j**2 + 36*j - 288. What are the prime factors of f(-37)?
2, 14249
Let k(n) = 2*n + 103. Suppose 4*v + 5*i + 5 = -43, 5*v + 97 = 3*i. List the prime factors of k(v).
3, 23
Suppose 0 = 4*k - 16*l - 37688, -36*k + 37*k - 2*l = 9440. What are the prime factors of k?
2, 4729
Let p be (-142)/(288/(-42) + 7). Let d = p + 1694. What are the prime factors of d?
2, 5, 7
Let p(i) = 3204*i + 769. List the prime factors of p(7).
23197
Let y = -270 - -350. Suppose 7*i + y = 2831. List the prime factors of i.
3, 131
Let z(n) = -8*n - 3. Let q be z(-1). Suppose 0 = -5*o - 0*o - r + 3138, -3*r = q*o - 3134. List the prime factors of o.
2, 157
Let i(f) be the second derivative of f**4/12 + 11*f**3/3 + 20*f**2 + 2*f. Let g be i(-20). Suppose g = 5*c - 520 - 65. What are the prime factors of c?
3, 13
Suppose 637*v - 34756944 = -81*v. What are the prime factors of v?
2, 3, 2017
Let d(u) = 11*u**3 + 8*u**2 + 4*u + 3. Let z(t) = -14*t + 270. Let s be z(19). What are the prime factors of d(s)?
23, 37
Let y be (5 - (-35)/(-2))*6. Let r = -39 - y. List the prime factors of r.
2, 3
Let l(w) = 5*w**3 + w**2 + 10*w + 109. What are the prime factors of l(7)?
29, 67
Let t be (-2)/4*(2 - (-8 + 4)). Let h(w) = -4*w**2 - 8*w - 1. Let y be h(t). List the prime factors of (((-455)/14)/y)/((-2)/(-12)).
3, 5
Let h(s) = 4*s**2 + 78*s - 363. List the prime factors of h(30).
3, 11, 13
Let w(s) = -346 + 4*s + 345 + 44*s. What are the prime factors of w(9)?
431
Let v(q) = 6*q**2 - 44*q + 15. Suppose -36 = -0*t - 3*t. What are the prime factors of v(t)?
3, 13
Let m = -414 + 399. Let k(q) = -q**3 - 17*q**2 - 46*q - 14. List the prime factors of k(m).
2, 113
Let s(a) be the third derivative of -a**4/24 + 7*a**3/6 + 5*a**2. Let i be s(3). Suppose 365 = i*p + p. What are the prime factors of p?
73
Suppose 0 = 43*k - 5*k + 456. List the prime factors of ((-177)/k)/(8/704).
2, 11, 59
Let m be (80/16)/(-1*(-2)/10). Let z(y) = y**2 - 9*y + 9. What are the prime factors of z(m)?
409
Suppose 4*c + 4*y + 248 = 0, 3*y = 2*c + 2*c + 276. Let s = 89 - c. List the prime factors of s.
5, 31
Let d = -307 - -411. List the prime factors of 2330/14 - d/(-182).
167
What are the prime factors of ((-28)/630*-15)/((-4)/(-6))*7816?
2, 977
What are the prime factors of ((-2)/(-4)*-106)/(4/(-976))?
2, 53, 61
Let g = -37 + 39. Suppose -g*f = t - 10, 2*f - 2*t - 17 = -7. Suppose 281 = f*y + 91. List the prime factors of y.
2, 19
List the prime factors of (4/(-14))/((-195)/3185)*3456.
2, 3, 7
Let y(c) be the first derivative of -7*c**4/4 - 2*c**3/3 + 3*c**2/2 - 3*c - 4. List the prime factors of y(-3).
3, 53
Suppose -q + 4*i = -0*i + 107, 4*q - 3*i + 454 = 0. Let v = q + 316. What are the prime factors of v?
3, 67
Let y be (-7)/7 - (2 + 11). Let v(s) be the third derivative of s**6/120 + 7*s**5/30 + 13*s**3/3 + 4*s**2 - 2. List the prime factors of v(y).
2, 13
Let i(r) = -119*r - 13. Suppose -5*s - 24 = 2*t + t, -s = -t. List the prime factors of i(s).
2, 43
Let c = -19325 + 55239. What are the prime factors of c?
2, 17957
Let j = 108578 + -62379. List the prime factors of j.
46199
Let m(t) = 4*t**2 + 17*t - 1. Suppose 12*k + 15 = 9*k. Let l be m(k). Let z(b) = -b**2 + 31*b - 1. List the prime factors of z(l).
3, 79
Suppose y + t + 281 = -91, 2*t = 2*y + 736. Let d = y - -656. List the prime factors of d.
2, 11, 13
Suppose 36*t - 4*t - 8608 = 0. Suppose -2*b + t + 1249 = 3*v, 0 = -3*b - 2*v + 2277. List the prime factors of b.
3, 11, 23
Let a be (162 - 161)/((3/5)/3). Suppose 3*w = -4*k + 83 + 1383, 3*w + a*k - 1462 = 0. What are the prime factors of w?
2, 13, 19
Suppose -4 = -5*g - 4*n, 3*g - 16*n = -17*n + 8. Suppose -1244 = -4*w - j + 293, 2*w - 746 = g*j. What are the prime factors of w?
383
Let i = 2256 + 1425. Suppose -3*a - 11812 = -5*d - i, -4*d - 4*a + 6492 = 0. What are the prime factors of d?
5, 13
Let g(c) = 2*c + 1. Let t be g(1). Let k = 378 + -372. Suppose 0 = -4*l - 4*o + 416, -k*l + 312 = -3*l - t*o. What are the prime factors of l?
2, 13
Let v(m) = -m**3 + 3*m**2 + 3*m - 5. Let s be v(-3). Suppose 8*l - 4136 = s. List the prime factors of l.
2, 3, 29
Suppose 0 = 74*n + 112083 - 996409 - 166770. List the prime factors of n.
2, 53, 67
Let m = 2243 + -185. Suppose -2*l + 409 = s, -4*s = 2*l - m + 422. List the prime factors of s.
409
What are the prime factors of (-4 + 972)/((-2)/(-6) + 18/(-72))?
2, 3, 11
Let m(p) = 12*p + p**2 - 10 - 107 + 29. What are the prime factors of m(-28)?
2, 3, 5
Let x be (2 - -2) + -10 + 402. Let r = 127 + x. What are the prime factors of r?
523
Let f(w) = -38*w + 11. Let r be f(6). Let m be 3/6 + r/14. List the prime factors of 26/6*(6 - m).
7, 13
Suppose d - 8 = -3*j, j - d = -4*j + 16. Suppose j*u = 4*l - 2313, 2*u = u - 3. List the prime factors of l.
2, 3
Suppose 3*t - f + 0*f - 13 = 0, -8 = -3*t + 2*f. Suppose -5*n - 4*z = -t*z - 11, -12 = 